5*c. List the prime factors of f.
3
Suppose 24 = 2*q + 2*q. Let w(u) = 4*u**2 + 7*u + 4 - u**3 - 4*u**2 - q*u**2. List the prime factors of w(-7).
2
Let i(v) = v + 7. Let d(u) = 1. Let b(c) = 6*d(c) - i(c). Suppose -k = 5*x + 3 + 6, 0 = -4*x. What are the prime factors of b(k)?
2
Suppose 0 = -5*d + d + 12. Suppose 2*f + 4*q = 22, -d*f - 7 = 3*q - 25. Let n(j) = 4*j. What are the prime factors of n(f)?
2
What are the prime factors of 1 + 5 + -2 - -63?
67
Suppose 0 = -4*w + 41 + 35. Let l = 34 - w. What are the prime factors of l?
3, 5
Suppose 53 = -5*f - 0*f + j, -33 = 3*f - j. Suppose -61 = -3*v - 2*k, v = -0*v + k + 12. Let p = f + v. List the prime factors of p.
7
Let p be ((-6)/(-4))/(1/(-4)). Let u = p - -22. List the prime factors of u.
2
Let p(r) = -r + 51. List the prime factors of p(15).
2, 3
Let l be 1 + 10 + 3 + -3. Suppose -3 = 4*a - l. List the prime factors of a.
2
Let y = 12 - -143. List the prime factors of y.
5, 31
Let f = -11 + 24. What are the prime factors of f?
13
Let n(j) = j**2 + 2. Let w be n(0). Let z be w/(-9) - 75/27. What are the prime factors of (z/(-2))/(-3)*-24?
2, 3
Let p = 11 + 0. List the prime factors of p.
11
Suppose 4 = -5*a - 2*x, 3*a - 5*x + 20 = -1. List the prime factors of 3 - (-8 + -2 - a).
11
Suppose -3*w - 15 = -8*w. What are the prime factors of w?
3
Suppose 2*m = -2*j + 5*j + 137, -m - 5*j = -62. What are the prime factors of m?
67
Let p = 16 - 11. Suppose 0 = -4*u - p*m + 22 + 22, m = -5*u + 34. What are the prime factors of u?
2, 3
Let y(o) = o**3 + 7*o**2 + 8*o + 7. Let i be y(-6). Let f(h) = h**3 + 4*h**2 - 6*h - 3. List the prime factors of f(i).
2
Let a = 3 + -3. Let f be (1 - a)/(3/12). Suppose o - 1 = f. List the prime factors of o.
5
Suppose -25 = -0*o - o. List the prime factors of o.
5
Suppose 3*g + 4*m = -3 + 9, 3*g - m = 6. What are the prime factors of g?
2
Suppose -765 = 11*c - 16*c. What are the prime factors of c?
3, 17
Let q(m) = 2*m**2 - 3*m - 2. Suppose -9 = 4*b - 7*b. What are the prime factors of q(b)?
7
Suppose v = 2, 5*x + 2*v = x + 688. What are the prime factors of x?
3, 19
What are the prime factors of (12 + -15)*(1 - 10)?
3
Let w(n) = -8*n - 2. Let p(f) = 41*f + 11. Let t(i) = 2*p(i) + 11*w(i). List the prime factors of t(-2).
2, 3
Suppose 5*z - 3 = 4*z - 4*d, -3*d = 15. List the prime factors of z.
23
Let f(w) = w**2 - 10*w + 12. Let y be f(9). Suppose -y*u + 0*u = -60. What are the prime factors of u?
2, 5
Let x(f) = -3*f + 7. List the prime factors of x(-3).
2
What are the prime factors of (-24)/40 + (-1476)/(-10)?
3, 7
Suppose -o = -k + 6*k + 25, 5*o + k + 29 = 0. Let h = 13 + o. What are the prime factors of h?
2
Suppose 3*s + 16 = -s, v + 2*s = -10. Let c be -1*(4 + v - 2). Suppose -2*z + 14 = -c*z. What are the prime factors of z?
7
Let v(l) = l**2 - 2*l. Let f be v(5). Suppose t + 5 = f. What are the prime factors of t?
2, 5
List the prime factors of (-1025)/(-13) + 22/143.
79
Let a(v) = -v**2 + 7*v. Let u be a(7). Suppose u = 5*n - n - 12. Suppose n*h = h + 4. What are the prime factors of h?
2
Let x(f) = -f**3 + 8*f**2 - 7*f + 5. Let n be x(7). Suppose -n*s + 28 = -2. List the prime factors of s.
2, 3
Suppose -10*a + 1414 + 76 = 0. What are the prime factors of a?
149
Suppose 6*d + 1024 = 14*d. List the prime factors of d.
2
Let s = 0 + 17. Suppose -5*o = -n - s, 5*n = 2*n - 4*o + 25. List the prime factors of n.
3
Suppose x = -3*u + 16, u = 5*x - 0*x. What are the prime factors of u?
5
Let m(a) = -a - 1. Let k be m(-5). Let r(y) = 2 - k*y - y**2 + 1 - y. List the prime factors of r(-5).
3
Suppose 3*r = -4*x - r + 484, -3*x - 5*r = -353. What are the prime factors of x?
2, 3, 7
Let o(z) = 0*z - z - 4 + z + z. Let r be o(6). What are the prime factors of 9 + -2*2 + r?
7
List the prime factors of 835/10 - 1/2.
83
Suppose -3*k - 1513 = -5*l, 5*l - 4*k = 4*l + 289. What are the prime factors of l?
5, 61
Suppose 0 = 4*n - 57 - 27. Let v be (-14)/6 - 14/n. List the prime factors of 10 - (v/(-3) + 1).
2
Let w be (174/4)/(-3)*-2. Suppose 2*r - 97 = -117. Let d = w + r. List the prime factors of d.
19
Let q(z) be the second derivative of -7*z**3/6 - z**2/2 + 6*z. List the prime factors of q(-2).
13
Let y(k) = -7 - 3*k + 2 - 5 - 1. What are the prime factors of y(-8)?
13
Suppose -4*j - 2*g + 459 = 13, j = -g + 110. List the prime factors of j.
113
Let z = 11 - 6. Suppose -1 - z = 3*s, -2*s = -3*l + 40. What are the prime factors of l?
2, 3
Let w(k) = 4 - 2*k**2 - 4 - 1 - k - k**3. Let v be w(-2). Suppose 2*q + 5 = 4*r - 1, v = -r + 3*q. List the prime factors of r.
2
Let m = 16 + 11. What are the prime factors of m?
3
Suppose 0*k = -3*k + 183. List the prime factors of k.
61
Let v(i) = i**2 - 2*i - 3. What are the prime factors of v(4)?
5
Let k = 9 - -8. Let r(v) = v**3 + 5*v**2 + 4*v + 2. Let p be r(-4). Suppose -2*m + 26 = p*n, 2*m + m = 4*n - k. List the prime factors of n.
2
Suppose 3*m = -3*a + 339, -3*m - 417 = -6*a + 2*a. Suppose -4*h - 24 = -a. Suppose -3 + h = 3*x. What are the prime factors of x?
2, 3
Let c be ((-2)/(-4))/1*-2. Let l = -16 - c. List the prime factors of ((-2)/2)/(-1) - l.
2
Suppose -4*v = v - 2130. What are the prime factors of (-4)/14 + v/21?
2, 5
Suppose 2*i = -2*k + 45 - 15, -k = 3*i - 49. What are the prime factors of i?
17
Let i(u) = -u**3 + 2*u**2 + 3*u + 3. Let x be i(3). Let b = x - -2. Suppose 0 = b*l + 3*v - 10, -4*l + 0*l = 2*v - 8. What are the prime factors of l?
2
Let l = -2 + 2. Let v(n) = n**2 - 10*n - 11. Let i be v(11). List the prime factors of (3 + i)*(l - -3).
3
Suppose -4 = -5*o + 4*o. Suppose 0*w + u - 34 = -w, -124 = -o*w - u. What are the prime factors of w?
2, 3, 5
Suppose 0 = 6*p - p - 40. What are the prime factors of (p - 3) + (2 - 1)?
2, 3
Suppose 2*r - 6 = s, -3*r + 9 = 2*s - 14. Suppose s*b = -b. Suppose 0 = 5*j - b*j - 20. List the prime factors of j.
2
List the prime factors of ((-48)/(-10))/((-3)/(-40)).
2
Let h(l) = -l**2 + 5*l - 6. Let j be h(6). Let y be (-1 + -2 + 7)*8. What are the prime factors of ((-27)/j)/(6/y)?
2, 3
Let y(h) = 2*h - 5. Let o be y(5). Let k = -3 + o. Suppose 53 = 4*x - 5*j, x - k*j + 5 - 19 = 0. What are the prime factors of x?
2, 3
Let p be (9 - 0)/((-6)/(-4)). Suppose -p*n + 4 = -2*n. Suppose -n = -x + 4. List the prime factors of x.
5
Suppose r = -2*h - 3*h + 303, 0 = -5*h + 2*r + 294. List the prime factors of h.
2, 3, 5
Suppose 2*u + 3*b - 339 = 0, -4*u - 137 = -2*b - 775. What are the prime factors of u?
2, 3
Let i(o) = -17*o - 2. Let s be i(-2). Suppose -4*t + s = -4*f, -3*t + f - 52 = -8*t. Suppose t = y + y. List the prime factors of y.
5
Suppose -n + 3 = -0*n. Suppose -3*c = -9 + n. Suppose 5*l = -4*m + c*m + 8, 5*l + 20 = 5*m. What are the prime factors of m?
2
Suppose -10*b = -24*b + 4186. What are the prime factors of b?
13, 23
Suppose -62 = 5*z - 7*z. What are the prime factors of z?
31
Suppose -10 = -3*o + o. Suppose -o*x + 2*l + 76 = 0, 4*x - 90 = -x - 5*l. What are the prime factors of x?
2
List the prime factors of ((-54)/8 - 0)*56/(-14).
3
Let g be 253/(-44)*-1*4. Let y = g + -14. What are the prime factors of y?
3
Suppose -11 = -4*h + 5. Suppose -2*l = -h*l + r, 5*r = l. Let g(q) = -q + 7. List the prime factors of g(l).
7
Let a(s) = 7*s + 30. List the prime factors of a(5).
5, 13
List the prime factors of -3 + (3 - 4)*-60.
3, 19
Let y = 7 - 2. Suppose -2*i + 2 + 33 = y*w, 2*w - 15 = -i. List the prime factors of ((-3)/4)/(i/(-20)).
3
Let s = 4 + -2. Suppose -15 = -s*v - v. Suppose v*b - 18 = 12. What are the prime factors of b?
2, 3
Let i(r) = -r**3 - 7*r**2 - 7*r + 7. Let k be i(-6). Suppose 2*d - k = d. What are the prime factors of d?
13
Let h(g) = g**2 - 2*g. Let j be h(4). Let a(n) = n**3 + 2*n**2 - 3*n. Let c be a(-3). Let m = j - c. What are the prime factors of m?
2
Suppose 2*q + q - 90 = 0. What are the prime factors of q?
2, 3, 5
Let w = -4 + 8. Suppose -15 = -5*m + w*m. List the prime factors of m.
3, 5
Let g be -5 + (3 - (-1 + 2)). What are the prime factors of 2/(g*6/(-63))?
7
Let n = -9 - -35. What are the prime factors of n?
2, 13
Let d = 82 - 37. Suppose 15 = -2*w + d. What are the prime factors of w?
3, 5
Let n(t) = -t**3 + 8*t**2 - t. What are the prime factors of n(7)?
2, 3, 7
Let z be (2/5)/((-1)/5). Let v(j) = -3*j - 2. Let q be v(z). Supp